 is divided by 1727.
641
Calculate the remainder when 5461658 is divided by 231.
125
What is the remainder when 5684060 is divided by 14?
4
Calculate the remainder when 226998 is divided by 3848.
3814
Calculate the remainder when 6936480 is divided by 175.
5
What is the remainder when 1936270 is divided by 1131?
1129
What is the remainder when 61445508 is divided by 99?
69
What is the remainder when 8972746 is divided by 147?
13
Calculate the remainder when 515266 is divided by 6133.
94
Calculate the remainder when 684677355 is divided by 638.
637
Calculate the remainder when 2538779 is divided by 2059.
32
Calculate the remainder when 123833079 is divided by 2072.
2071
What is the remainder when 3893354 is divided by 1297597?
563
Calculate the remainder when 47958376 is divided by 15986114.
34
Calculate the remainder when 273491 is divided by 3.
2
What is the remainder when 132059 is divided by 131531?
528
Calculate the remainder when 662378883 is divided by 414.
411
Calculate the remainder when 1515762 is divided by 3782.
2962
Calculate the remainder when 186891 is divided by 1907.
5
What is the remainder when 117447237 is divided by 10?
7
What is the remainder when 93911 is divided by 465?
446
What is the remainder when 29312278 is divided by 2490?
2488
What is the remainder when 16770204 is divided by 1184?
28
What is the remainder when 1072007 is divided by 535476?
1055
Calculate the remainder when 221514 is divided by 1411.
1398
What is the remainder when 30866696 is divided by 51?
17
What is the remainder when 309783 is divided by 61154?
4013
Calculate the remainder when 203272 is divided by 22181.
3643
Calculate the remainder when 563925510 is divided by 6468.
6462
What is the remainder when 789649 is divided by 240?
49
Calculate the remainder when 26192321 is divided by 81.
80
Calculate the remainder when 135840405 is divided by 32.
21
What is the remainder when 897678 is divided by 950?
878
What is the remainder when 527428 is divided by 127?
124
What is the remainder when 9851259 is divided by 71?
9
Calculate the remainder when 2487489 is divided by 6067.
19
What is the remainder when 1367851 is divided by 21370?
171
What is the remainder when 341179 is divided by 7745?
399
What is the remainder when 957749 is divided by 12437?
100
What is the remainder when 700962 is divided by 10949?
226
Calculate the remainder when 16286374 is divided by 3336.
22
Calculate the remainder when 14340236 is divided by 651.
8
What is the remainder when 478877 is divided by 667?
638
Calculate the remainder when 268248 is divided by 3439.
6
What is the remainder when 52833723 is divided by 621573?
18
Calculate the remainder when 299059 is divided by 298996.
63
What is the remainder when 90887 is divided by 4753?
580
What is the remainder when 11648533 is divided by 883?
880
What is the remainder when 89430222 is divided by 347?
341
What is the remainder when 30491833 is divided by 67?
66
Calculate the remainder when 32448 is divided by 29958.
2490
What is the remainder when 28192165 is divided by 54?
7
Calculate the remainder when 1231451 is divided by 118.
3
What is the remainder when 169959 is divided by 169827?
132
What is the remainder when 549849 is divided by 10781?
18
Calculate the remainder when 165393 is divided by 82672.
49
Calculate the remainder when 86923744 is divided by 9261.
9259
What is the remainder when 3533052 is divided by 883250?
52
What is the remainder when 32638335 is divided by 19853?
3
What is the remainder when 15024365 is divided by 2476?
2473
Calculate the remainder when 104252 is divided by 14.
8
What is the remainder when 147042 is divided by 6873?
2709
What is the remainder when 27170 is divided by 2261?
38
What is the remainder when 14610939 is divided by 19?
15
Calculate the remainder when 76376 is divided by 523.
18
Calculate the remainder when 27851 is divided by 2900.
1751
Calculate the remainder when 856976 is divided by 106842.
2240
What is the remainder when 71923 is divided by 68974?
2949
Calculate the remainder when 103746 is divided by 2469.
48
Calculate the remainder when 140191486 is divided by 24.
22
What is the remainder when 1254063 is divided by 6?
3
What is the remainder when 81765557 is divided by 44?
5
Calculate the remainder when 420620 is divided by 1251.
284
What is the remainder when 300062 is divided by 5874?
488
Calculate the remainder when 23487967 is divided by 94.
93
Calculate the remainder when 5209141 is divided by 3772.
9
Calculate the remainder when 952676 is divided by 1174.
562
Calculate the remainder when 10234430 is divided by 30.
20
Calculate the remainder when 212391993 is divided by 1028.
1025
What is the remainder when 27305580 is divided by 37?
24
What is the remainder when 288066 is divided by 35996?
98
What is the remainder when 296799 is divided by 612?
591
Calculate the remainder when 27072 is divided by 8864.
480
Calculate the remainder when 6056614 is divided by 200.
14
What is the remainder when 137528 is divided by 66213?
5102
What is the remainder when 351141137 is divided by 50163017?
18
Calculate the remainder when 11391121 is divided by 495265.
26
What is the remainder when 20920 is divided by 63?
4
Calculate the remainder when 97948 is divided by 2173.
163
What is the remainder when 510253 is divided by 50?
3
Calculate the remainder when 223433 is divided by 217147.
6286
Calculate the remainder when 246725 is divided by 2467.
25
Calculate the remainder when 123867 is divided by 122294.
1573
What is the remainder when 8067352 is divided by 2419?
2406
Calculate the remainder when 610061 is divided by 1615.
1206
What is the remainder when 321095 is divided by 45856?
103
What is the remainder when 3699647 is divided by 9?
8
Calculate the remainder when 21538798 is divided by 50.
48
What is the remainder when 106446 is divided by 8864?
78
Calculate the remainder when 52757 is divided by 1757.
47
What is the remainder when 11265 is divided by 9080?
2185
What is the remainder when 227783164 is divided by 512?
508
What is the remainder when 2630 is divided by 1801?
829
Calculate the remainder when 249438 is divided by 13127.
25
Calculate the remainder when 3482601 is divided by 1467.
1410
What is the remainder when 960752 is divided by 60032?
240
Calculate the remainder when 15423521 is divided by 51.
50
What is the remainder when 664365 is divided by 294?
219
What is the remainder when 218564 is divided by 109189?
186
Calculate the remainder when 3143925 is divided by 2371.
2350
What is the remainder when 1297359 is divided by 39309?
162
Calculate the remainder when 20042 is divided by 19982.
60
What is the remainder when 888900382 is divided by 24?
22
What is the remainder when 2074655 is divided by 1364?
11
Calculate the remainder when 35123 is divided by 2497.
165
What is the remainder when 215632774 is divided by 12?
10
What is the remainder when 109849 is divided by 21491?
2394
What is the remainder when 409958 is divided by 2332?
1858
What is the remainder when 5896545 is divided by 84?
81
Calculate the remainder when 2541956866 is divided by 902.
900
Calculate the remainder when 3938906 is divided by 1969438.
30
What is the remainder when 1524688 is divided by 762319?
50
Calculate the remainder when 255070 is divided by 399.
109
What is the remainder when 802780 is divided by 200?
180
Calculate the remainder when 4858296 is divided by 367.
317
What is the remainder when 53610 is divided by 2071?
1835
Calculate the remainder when 4241378 is divided by 2796.
2642
What is the remainder when 151979 is divided by 2981?
2929
Calculate the remainder when 133276859 is divided by 4.
3
Calculate the remainder when 69675336 is divided by 59.
53
Calculate the remainder when 2462129 is divided by 8078.
6417
Calculate the remainder when 2349526 is divided by 171.
157
Calculate the remainder when 4311059 is divided by 537.
23
Calculate the remainder when 55740 is divided by 81.
12
Calculate the remainder when 202706 is divided by 334.
302
Calculate the remainder when 13043721 is divided by 3260927.
13
Calculate the remainder when 1066143 is divided by 355381.
0
What is the remainder when 3339747 is divided by 84?
75
Calculate the remainder when 132951 is divided by 65.
26
What 